{"id":153,"date":"2020-02-13T10:40:27","date_gmt":"2020-02-13T09:40:27","guid":{"rendered":"https:\/\/konnekt.no\/?page_id=153"},"modified":"2024-04-11T15:02:40","modified_gmt":"2024-04-11T13:02:40","slug":"praksis-og-sommerjobber","status":"publish","type":"page","link":"https:\/\/www.jernbanedirektoratet.no\/konnekt\/praksis-og-sommerjobber\/","title":{"rendered":"Praksis og sommerjobber"},"content":{"rendered":"\n<div class=\"wp-block-cover alignfull is-light\"><span aria-hidden=\"true\" class=\"wp-block-cover__background has-background-dim-0 has-background-dim\"><\/span><img loading=\"lazy\" decoding=\"async\" width=\"2560\" height=\"1441\" src=\"https:\/\/www.jernbanedirektoratet.no\/content\/uploads\/sites\/3\/2020\/02\/francisco-delgado-redigert-scaled-1.jpg\" class=\"wp-block-cover__image-background wp-post-image\" alt=\"Dame p\u00e5 tur\" data-object-fit=\"cover\" srcset=\"https:\/\/www.jernbanedirektoratet.no\/content\/uploads\/sites\/3\/2020\/02\/francisco-delgado-redigert-scaled-1.jpg 2560w, https:\/\/www.jernbanedirektoratet.no\/content\/uploads\/sites\/3\/2020\/02\/francisco-delgado-redigert-scaled-1-300x169.jpg 300w, https:\/\/www.jernbanedirektoratet.no\/content\/uploads\/sites\/3\/2020\/02\/francisco-delgado-redigert-scaled-1-1024x576.jpg 1024w, https:\/\/www.jernbanedirektoratet.no\/content\/uploads\/sites\/3\/2020\/02\/francisco-delgado-redigert-scaled-1-768x432.jpg 768w, https:\/\/www.jernbanedirektoratet.no\/content\/uploads\/sites\/3\/2020\/02\/francisco-delgado-redigert-scaled-1-1536x865.jpg 1536w, https:\/\/www.jernbanedirektoratet.no\/content\/uploads\/sites\/3\/2020\/02\/francisco-delgado-redigert-scaled-1-2048x1153.jpg 2048w\" sizes=\"auto, (max-width: 2560px) 100vw, 2560px\" \/><div class=\"wp-block-cover__inner-container\"><h1 class=\"wp-block-post-title\">Praksis og sommerjobber<\/h1>\n\n<p class=\"t2-ingress wp-block-t2-ingress\">Her har vi samlet karrieresidene til et utvalg av relevante akt\u00f8rer innen jernbane og vei. <\/p><\/div><\/div>\n\n\n\n<h2 class=\"wp-block-heading has-text-align-left\" id=\"h-vil-du-bli-med-a-bygge-norge\">Vil du bli med \u00e5 bygge Norge?<\/h2>\n\n\n\n<p class=\"has-text-align-left\">Alle akt\u00f8rene er med p\u00e5 \u00e5 bygge norsk samferdsel, og kjemper kontinuerlig om de riktige talentene. Enten du s\u00f8ker sommerjobb, internship, praksisplass eller fast jobb, kan dette v\u00e6re en god start:<\/p>\n\n\n\n<ul class=\"wp-block-list\">\n<li><a href=\"https:\/\/afgruppen.no\/karriere\/\" target=\"_blank\" rel=\"noreferrer noopener\">AF Gruppen<\/a><\/li>\n\n\n\n<li><a href=\"https:\/\/www.asplanviak.no\/jobb-hos-oss\/\" target=\"_blank\" rel=\"noreferrer noopener\">Asplan Viak<\/a><\/li>\n\n\n\n<li><a href=\"https:\/\/www.banenor.no\/karriere\/\" target=\"_blank\" rel=\"noreferrer noopener\">Bane NOR<\/a> <\/li>\n\n\n\n<li><a href=\"https:\/\/www.cowi.no\/karriere\" target=\"_blank\" rel=\"noreferrer noopener\">COWI<\/a><\/li>\n\n\n\n<li><a href=\"https:\/\/www.aaj.no\/karriere\/\" target=\"_blank\" rel=\"noreferrer noopener\">Dr. Ing. A. Aas-Jakobsen<\/a><\/li>\n\n\n\n<li><a href=\"https:\/\/www.kruse-smith.no\/om-kruse-smith\/jobb-hos-kruse-smith\/\" target=\"_blank\" rel=\"noreferrer noopener\">Kruse Smith<\/a><\/li>\n\n\n\n<li><a href=\"https:\/\/www.ks.no\/\" target=\"_blank\" rel=\"noreferrer noopener\">KS<\/a> <\/li>\n\n\n\n<li><a href=\"http:\/\/www.mesta.no\/jobb-i-mesta\/studentnyutdann\" target=\"_blank\" rel=\"noreferrer noopener\">Mesta<\/a><\/li>\n\n\n\n<li><a href=\"https:\/\/www.metieroec.no\/karriere\/\" target=\"_blank\" rel=\"noreferrer noopener\">Metier <\/a><\/li>\n\n\n\n<li><a href=\"https:\/\/www.multiconsult.no\/karriere\/\" target=\"_blank\" rel=\"noreferrer noopener\">Multiconsult<\/a><\/li>\n\n\n\n<li><a href=\"https:\/\/www.ncc.no\/jobbe-i-ncc\/\" target=\"_blank\" rel=\"noreferrer noopener\">NCC<\/a><\/li>\n\n\n\n<li><a href=\"https:\/\/www.norconsult.no\/karriere\/ledige-stillinger\/\" target=\"_blank\" rel=\"noreferrer noopener\">Norconsult<\/a><\/li>\n\n\n\n<li><a href=\"https:\/\/www.nyeveier.no\/om-oss\/karriere\/\" target=\"_blank\" rel=\"noreferrer noopener\">Nye Veier<\/a><\/li>\n\n\n\n<li><a href=\"https:\/\/peab.no\/jobbogkarriere\/\" target=\"_blank\" rel=\"noreferrer noopener\">Peab<\/a><\/li>\n\n\n\n<li><a href=\"https:\/\/no.ramboll.com\/karriere-forside\" target=\"_blank\" rel=\"noreferrer noopener\">Ramb\u00f8ll<\/a><\/li>\n\n\n\n<li><a href=\"https:\/\/www.skanska.no\/hvem-vi-er\/jobb-i-skanska\/\" target=\"_blank\" rel=\"noreferrer noopener\">Skanska<\/a><\/li>\n\n\n\n<li><a href=\"https:\/\/www.sweco.no\/karriere\/\" target=\"_blank\" rel=\"noreferrer noopener\">Sweco<\/a> <\/li>\n\n\n\n<li><a href=\"https:\/\/www.vegvesen.no\/nn\/om-oss\/jobb\/\" target=\"_blank\" rel=\"noreferrer noopener\">Statens vegvesen<\/a><\/li>\n\n\n\n<li><a href=\"http:\/\/veidekke.no\/jobb\/\" target=\"_blank\" rel=\"noreferrer noopener\">Veidekke<\/a><\/li>\n\n\n\n<li><a href=\"https:\/\/www.vianova.no\/jobb\/\" target=\"_blank\" rel=\"noreferrer noopener\">ViaNova<\/a><\/li>\n\n\n\n<li><a href=\"https:\/\/www.wsp.com\/nb-NO\/karriere\" target=\"_blank\" rel=\"noreferrer noopener\">WSP<\/a><\/li>\n<\/ul>\n\n\n\n<p class=\"has-text-align-left\">For l\u00e6rlingplasser kan vi ogs\u00e5 henvise til <a href=\"http:\/\/www.okj.no\/\" target=\"_blank\" rel=\"noreferrer noopener\">Oppl\u00e6ringskontoret<\/a> og <a href=\"https:\/\/www.okab.no\/\" target=\"_blank\" rel=\"noreferrer noopener\">OKAB<\/a>.<\/p>\n","protected":false},"excerpt":{"rendered":"<p>Alle akt\u00f8rene er med p\u00e5 \u00e5 bygge norsk samferdsel, og kjemper kontinuerlig om de riktige talentene. Enten du s\u00f8ker sommerjobb, internship, praksisplass eller fast jobb, kan dette v\u00e6re en god start<\/p>\n","protected":false},"author":14,"featured_media":606,"parent":0,"menu_order":0,"comment_status":"closed","ping_status":"closed","template":"","meta":{"post_sublanguage":"","footnotes":""},"class_list":["post-153","page","type-page","status-publish","has-post-thumbnail","hentry"],"yoast_head":"<!-- This site is optimized with the Yoast SEO Premium plugin v25.3 (Yoast SEO v25.3) - https:\/\/yoast.com\/wordpress\/plugins\/seo\/ -->\n<title>Praksis og sommerjobber - Konnekt<\/title>\n<meta name=\"description\" content=\"Her har vi samlet karrieresidene til et utvalg av relevante akt\u00f8rer innen jernbane og vei.\" \/>\n<meta name=\"robots\" content=\"index, follow, max-snippet:-1, max-image-preview:large, max-video-preview:-1\" \/>\n<link rel=\"canonical\" href=\"https:\/\/www.jernbanedirektoratet.no\/konnekt\/praksis-og-sommerjobber\/\" \/>\n<meta property=\"og:locale\" content=\"nb_NO\" \/>\n<meta property=\"og:type\" content=\"article\" \/>\n<meta property=\"og:title\" content=\"Praksis og sommerjobber\" \/>\n<meta property=\"og:description\" content=\"Her har vi samlet karrieresidene til et utvalg av relevante akt\u00f8rer innen jernbane og vei.\" \/>\n<meta property=\"og:url\" content=\"https:\/\/www.jernbanedirektoratet.no\/konnekt\/praksis-og-sommerjobber\/\" \/>\n<meta property=\"og:site_name\" content=\"Konnekt\" \/>\n<meta property=\"article:modified_time\" content=\"2024-04-11T13:02:40+00:00\" \/>\n<meta property=\"og:image\" content=\"https:\/\/www.jernbanedirektoratet.no\/content\/uploads\/sites\/3\/2020\/02\/francisco-delgado-redigert-scaled-1.jpg\" \/>\n\t<meta property=\"og:image:width\" content=\"2560\" \/>\n\t<meta property=\"og:image:height\" content=\"1441\" \/>\n\t<meta property=\"og:image:type\" content=\"image\/jpeg\" \/>\n<meta name=\"twitter:card\" content=\"summary_large_image\" \/>\n<meta name=\"twitter:label1\" content=\"Ansl. lesetid\" \/>\n\t<meta name=\"twitter:data1\" content=\"1 minutt\" \/>\n<script type=\"application\/ld+json\" class=\"yoast-schema-graph\">{\"@context\":\"https:\/\/schema.org\",\"@graph\":[{\"@type\":\"WebPage\",\"@id\":\"https:\/\/www.jernbanedirektoratet.no\/konnekt\/praksis-og-sommerjobber\/\",\"url\":\"https:\/\/www.jernbanedirektoratet.no\/konnekt\/praksis-og-sommerjobber\/\",\"name\":\"Praksis og sommerjobber - Konnekt\",\"isPartOf\":{\"@id\":\"https:\/\/www.jernbanedirektoratet.no\/konnekt\/#website\"},\"primaryImageOfPage\":{\"@id\":\"https:\/\/www.jernbanedirektoratet.no\/konnekt\/praksis-og-sommerjobber\/#primaryimage\"},\"image\":{\"@id\":\"https:\/\/www.jernbanedirektoratet.no\/konnekt\/praksis-og-sommerjobber\/#primaryimage\"},\"thumbnailUrl\":\"https:\/\/www.jernbanedirektoratet.no\/content\/uploads\/sites\/3\/2020\/02\/francisco-delgado-redigert-scaled-1.jpg\",\"datePublished\":\"2020-02-13T09:40:27+00:00\",\"dateModified\":\"2024-04-11T13:02:40+00:00\",\"description\":\"Her har vi samlet karrieresidene til et utvalg av relevante akt\u00f8rer innen jernbane og vei.\",\"breadcrumb\":{\"@id\":\"https:\/\/www.jernbanedirektoratet.no\/konnekt\/praksis-og-sommerjobber\/#breadcrumb\"},\"inLanguage\":\"nb-NO\",\"potentialAction\":[{\"@type\":\"ReadAction\",\"target\":[\"https:\/\/www.jernbanedirektoratet.no\/konnekt\/praksis-og-sommerjobber\/\"]}]},{\"@type\":\"ImageObject\",\"inLanguage\":\"nb-NO\",\"@id\":\"https:\/\/www.jernbanedirektoratet.no\/konnekt\/praksis-og-sommerjobber\/#primaryimage\",\"url\":\"https:\/\/www.jernbanedirektoratet.no\/content\/uploads\/sites\/3\/2020\/02\/francisco-delgado-redigert-scaled-1.jpg\",\"contentUrl\":\"https:\/\/www.jernbanedirektoratet.no\/content\/uploads\/sites\/3\/2020\/02\/francisco-delgado-redigert-scaled-1.jpg\",\"width\":2560,\"height\":1441,\"caption\":\"Dame p\u00e5 tur\"},{\"@type\":\"BreadcrumbList\",\"@id\":\"https:\/\/www.jernbanedirektoratet.no\/konnekt\/praksis-og-sommerjobber\/#breadcrumb\",\"itemListElement\":[{\"@type\":\"ListItem\",\"position\":1,\"name\":\"Hjem\",\"item\":\"https:\/\/www.jernbanedirektoratet.no\/konnekt\/\"},{\"@type\":\"ListItem\",\"position\":2,\"name\":\"Praksis og sommerjobber\"}]},{\"@type\":\"WebSite\",\"@id\":\"https:\/\/www.jernbanedirektoratet.no\/konnekt\/#website\",\"url\":\"https:\/\/www.jernbanedirektoratet.no\/konnekt\/\",\"name\":\"Konnekt\",\"description\":\"\",\"publisher\":{\"@id\":\"https:\/\/www.jernbanedirektoratet.no\/konnekt\/#organization\"},\"potentialAction\":[{\"@type\":\"SearchAction\",\"target\":{\"@type\":\"EntryPoint\",\"urlTemplate\":\"https:\/\/www.jernbanedirektoratet.no\/konnekt\/?s={search_term_string}\"},\"query-input\":{\"@type\":\"PropertyValueSpecification\",\"valueRequired\":true,\"valueName\":\"search_term_string\"}}],\"inLanguage\":\"nb-NO\"},{\"@type\":\"Organization\",\"@id\":\"https:\/\/www.jernbanedirektoratet.no\/konnekt\/#organization\",\"name\":\"Konnekt\",\"url\":\"https:\/\/www.jernbanedirektoratet.no\/konnekt\/\",\"logo\":{\"@type\":\"ImageObject\",\"inLanguage\":\"nb-NO\",\"@id\":\"https:\/\/www.jernbanedirektoratet.no\/konnekt\/#\/schema\/logo\/image\/\",\"url\":\"https:\/\/www.jernbanedirektoratet.no\/content\/uploads\/sites\/3\/2024\/01\/logo-konnekt.svg\",\"contentUrl\":\"https:\/\/www.jernbanedirektoratet.no\/content\/uploads\/sites\/3\/2024\/01\/logo-konnekt.svg\",\"caption\":\"Konnekt\"},\"image\":{\"@id\":\"https:\/\/www.jernbanedirektoratet.no\/konnekt\/#\/schema\/logo\/image\/\"}}]}<\/script>\n<!-- \/ Yoast SEO Premium plugin. -->","yoast_head_json":{"title":"Praksis og sommerjobber - Konnekt","description":"Her har vi samlet karrieresidene til et utvalg av relevante akt\u00f8rer innen jernbane og vei.","robots":{"index":"index","follow":"follow","max-snippet":"max-snippet:-1","max-image-preview":"max-image-preview:large","max-video-preview":"max-video-preview:-1"},"canonical":"https:\/\/www.jernbanedirektoratet.no\/konnekt\/praksis-og-sommerjobber\/","og_locale":"nb_NO","og_type":"article","og_title":"Praksis og sommerjobber","og_description":"Her har vi samlet karrieresidene til et utvalg av relevante akt\u00f8rer innen jernbane og vei.","og_url":"https:\/\/www.jernbanedirektoratet.no\/konnekt\/praksis-og-sommerjobber\/","og_site_name":"Konnekt","article_modified_time":"2024-04-11T13:02:40+00:00","og_image":[{"width":2560,"height":1441,"url":"https:\/\/www.jernbanedirektoratet.no\/content\/uploads\/sites\/3\/2020\/02\/francisco-delgado-redigert-scaled-1.jpg","type":"image\/jpeg"}],"twitter_card":"summary_large_image","twitter_misc":{"Ansl. lesetid":"1 minutt"},"schema":{"@context":"https:\/\/schema.org","@graph":[{"@type":"WebPage","@id":"https:\/\/www.jernbanedirektoratet.no\/konnekt\/praksis-og-sommerjobber\/","url":"https:\/\/www.jernbanedirektoratet.no\/konnekt\/praksis-og-sommerjobber\/","name":"Praksis og sommerjobber - Konnekt","isPartOf":{"@id":"https:\/\/www.jernbanedirektoratet.no\/konnekt\/#website"},"primaryImageOfPage":{"@id":"https:\/\/www.jernbanedirektoratet.no\/konnekt\/praksis-og-sommerjobber\/#primaryimage"},"image":{"@id":"https:\/\/www.jernbanedirektoratet.no\/konnekt\/praksis-og-sommerjobber\/#primaryimage"},"thumbnailUrl":"https:\/\/www.jernbanedirektoratet.no\/content\/uploads\/sites\/3\/2020\/02\/francisco-delgado-redigert-scaled-1.jpg","datePublished":"2020-02-13T09:40:27+00:00","dateModified":"2024-04-11T13:02:40+00:00","description":"Her har vi samlet karrieresidene til et utvalg av relevante akt\u00f8rer innen jernbane og vei.","breadcrumb":{"@id":"https:\/\/www.jernbanedirektoratet.no\/konnekt\/praksis-og-sommerjobber\/#breadcrumb"},"inLanguage":"nb-NO","potentialAction":[{"@type":"ReadAction","target":["https:\/\/www.jernbanedirektoratet.no\/konnekt\/praksis-og-sommerjobber\/"]}]},{"@type":"ImageObject","inLanguage":"nb-NO","@id":"https:\/\/www.jernbanedirektoratet.no\/konnekt\/praksis-og-sommerjobber\/#primaryimage","url":"https:\/\/www.jernbanedirektoratet.no\/content\/uploads\/sites\/3\/2020\/02\/francisco-delgado-redigert-scaled-1.jpg","contentUrl":"https:\/\/www.jernbanedirektoratet.no\/content\/uploads\/sites\/3\/2020\/02\/francisco-delgado-redigert-scaled-1.jpg","width":2560,"height":1441,"caption":"Dame p\u00e5 tur"},{"@type":"BreadcrumbList","@id":"https:\/\/www.jernbanedirektoratet.no\/konnekt\/praksis-og-sommerjobber\/#breadcrumb","itemListElement":[{"@type":"ListItem","position":1,"name":"Hjem","item":"https:\/\/www.jernbanedirektoratet.no\/konnekt\/"},{"@type":"ListItem","position":2,"name":"Praksis og sommerjobber"}]},{"@type":"WebSite","@id":"https:\/\/www.jernbanedirektoratet.no\/konnekt\/#website","url":"https:\/\/www.jernbanedirektoratet.no\/konnekt\/","name":"Konnekt","description":"","publisher":{"@id":"https:\/\/www.jernbanedirektoratet.no\/konnekt\/#organization"},"potentialAction":[{"@type":"SearchAction","target":{"@type":"EntryPoint","urlTemplate":"https:\/\/www.jernbanedirektoratet.no\/konnekt\/?s={search_term_string}"},"query-input":{"@type":"PropertyValueSpecification","valueRequired":true,"valueName":"search_term_string"}}],"inLanguage":"nb-NO"},{"@type":"Organization","@id":"https:\/\/www.jernbanedirektoratet.no\/konnekt\/#organization","name":"Konnekt","url":"https:\/\/www.jernbanedirektoratet.no\/konnekt\/","logo":{"@type":"ImageObject","inLanguage":"nb-NO","@id":"https:\/\/www.jernbanedirektoratet.no\/konnekt\/#\/schema\/logo\/image\/","url":"https:\/\/www.jernbanedirektoratet.no\/content\/uploads\/sites\/3\/2024\/01\/logo-konnekt.svg","contentUrl":"https:\/\/www.jernbanedirektoratet.no\/content\/uploads\/sites\/3\/2024\/01\/logo-konnekt.svg","caption":"Konnekt"},"image":{"@id":"https:\/\/www.jernbanedirektoratet.no\/konnekt\/#\/schema\/logo\/image\/"}}]}},"_links":{"self":[{"href":"https:\/\/www.jernbanedirektoratet.no\/konnekt\/wp-json\/wp\/v2\/pages\/153","targetHints":{"allow":["GET"]}}],"collection":[{"href":"https:\/\/www.jernbanedirektoratet.no\/konnekt\/wp-json\/wp\/v2\/pages"}],"about":[{"href":"https:\/\/www.jernbanedirektoratet.no\/konnekt\/wp-json\/wp\/v2\/types\/page"}],"author":[{"embeddable":true,"href":"https:\/\/www.jernbanedirektoratet.no\/konnekt\/wp-json\/wp\/v2\/users\/14"}],"replies":[{"embeddable":true,"href":"https:\/\/www.jernbanedirektoratet.no\/konnekt\/wp-json\/wp\/v2\/comments?post=153"}],"version-history":[{"count":5,"href":"https:\/\/www.jernbanedirektoratet.no\/konnekt\/wp-json\/wp\/v2\/pages\/153\/revisions"}],"predecessor-version":[{"id":2710,"href":"https:\/\/www.jernbanedirektoratet.no\/konnekt\/wp-json\/wp\/v2\/pages\/153\/revisions\/2710"}],"wp:featuredmedia":[{"embeddable":true,"href":"https:\/\/www.jernbanedirektoratet.no\/konnekt\/wp-json\/wp\/v2\/media\/606"}],"wp:attachment":[{"href":"https:\/\/www.jernbanedirektoratet.no\/konnekt\/wp-json\/wp\/v2\/media?parent=153"}],"curies":[{"name":"wp","href":"https:\/\/api.w.org\/{rel}","templated":true}]}}