{"id":2238,"date":"2020-01-17T15:13:57","date_gmt":"2020-01-17T14:13:57","guid":{"rendered":"https:\/\/konnekt.no\/?page_id=39"},"modified":"2024-04-11T14:37:40","modified_gmt":"2024-04-11T12:37:40","slug":"kontakt","status":"publish","type":"page","link":"https:\/\/www.jernbanedirektoratet.no\/konnekt\/kontakt\/","title":{"rendered":"Kontakt oss"},"content":{"rendered":"<h1 class=\"wp-block-post-title\">Kontakt oss<\/h1>\n\n<p class=\"t2-ingress wp-block-t2-ingress\">Kontakt oss gjerne dersom du \u00f8nsker \u00e5 vite mer om Konnekt, hvordan vi samler samferdselssektoren, eller om du \u00f8nsker \u00e5 delta i samarbeidet. <\/p>\n\n\n<h2 class=\"wp-block-heading\" id=\"h-kontaktpersoner\">Kontaktpersoner<\/h2>\n\n\n<div class=\"t2-featured-content-layout align align wp-block-t2-featured-content-layout\">\n<div class=\"t2-featured-single-post t2-featured-content is-post-type-person role-leder-konnekt wp-block-t2-featured-single-post t2-featured-content-layout-col-6\">\n\t\t<div class=\"t2-post-link alignfull wp-block-t2-wrapper\">\n<figure style=\"--t2-focal-point: 50% 50%;\" class=\"t2-post-featured-image has-image-ratio-1-1 wp-block-t2-post-featured-image\"><img loading=\"lazy\" decoding=\"async\" width=\"1883\" height=\"1287\" src=\"https:\/\/www.jernbanedirektoratet.no\/content\/uploads\/sites\/3\/2023\/07\/trond-michael-edit.jpg\" class=\"attachment-post-thumbnail size-post-thumbnail wp-post-image\" alt=\"\" srcset=\"https:\/\/www.jernbanedirektoratet.no\/content\/uploads\/sites\/3\/2023\/07\/trond-michael-edit.jpg 1883w, https:\/\/www.jernbanedirektoratet.no\/content\/uploads\/sites\/3\/2023\/07\/trond-michael-edit-300x205.jpg 300w, https:\/\/www.jernbanedirektoratet.no\/content\/uploads\/sites\/3\/2023\/07\/trond-michael-edit-1024x700.jpg 1024w, https:\/\/www.jernbanedirektoratet.no\/content\/uploads\/sites\/3\/2023\/07\/trond-michael-edit-768x525.jpg 768w, https:\/\/www.jernbanedirektoratet.no\/content\/uploads\/sites\/3\/2023\/07\/trond-michael-edit-1536x1050.jpg 1536w\" sizes=\"auto, (min-width: 1200px) 584px, (min-width: 700px) 50vw, 300px\" \/><\/figure>\n\n\n\t\t<div class=\"t2-post-link-content wp-block-t2-wrapper\">\n<h3 class=\"t2-post-title wp-block-t2-post-title\">Trond Michael Andersen<\/h3>\n<div class=\"wp-block-jernbanedirektoratet-post-info\"><div data-term-key=\"role\">Leder &#8211; Konnekt<\/div><\/div>\n<div class=\"wp-block-jernbanedirektoratet-post-info\"><div data-meta-key=\"people_email\"><a href=\"mailto:trond.michael.andersen@konnekt.no\">Send e-post<\/a><\/div><div data-meta-key=\"people_phone\"><a href=\"tel:+4795269164\">95 26 91 64<\/a><\/div><\/div>\n\n<\/div>\n\n<\/div>\n<\/div>\n\n<div class=\"t2-featured-single-post t2-featured-content is-post-type-person role-kommunikasjonsradgiver department-konnekt-nasjonalt-kompetansesenter-for-samferdsel wp-block-t2-featured-single-post t2-featured-content-layout-col-6\">\n\t\t<div class=\"t2-post-link alignfull wp-block-t2-wrapper\">\n<figure style=\"--t2-focal-point: 50% 50%;\" class=\"t2-post-featured-image has-image-ratio-1-1 wp-block-t2-post-featured-image\"><img loading=\"lazy\" decoding=\"async\" width=\"381\" height=\"544\" src=\"https:\/\/www.jernbanedirektoratet.no\/content\/uploads\/sites\/3\/2021\/01\/petter.png\" class=\"attachment-post-thumbnail size-post-thumbnail wp-post-image\" alt=\"\" srcset=\"https:\/\/www.jernbanedirektoratet.no\/content\/uploads\/sites\/3\/2021\/01\/petter.png 381w, https:\/\/www.jernbanedirektoratet.no\/content\/uploads\/sites\/3\/2021\/01\/petter-210x300.png 210w\" sizes=\"auto, (min-width: 1200px) 584px, (min-width: 700px) 50vw, 300px\" \/><\/figure>\n\n\n\t\t<div class=\"t2-post-link-content wp-block-t2-wrapper\">\n<h3 class=\"t2-post-title wp-block-t2-post-title\">Petter Aanonsen<\/h3>\n<div class=\"wp-block-jernbanedirektoratet-post-info\"><div data-term-key=\"role\">Kommunikasjonsr\u00e5dgiver<\/div><div data-term-key=\"department\">Konnekt &#8211; Nasjonalt kompetansesenter for samferdsel<\/div><\/div>\n<div class=\"wp-block-jernbanedirektoratet-post-info\"><div data-meta-key=\"people_email\"><a href=\"mailto:petter@konnekt.no\">Send e-post<\/a><\/div><div data-meta-key=\"people_phone\"><a href=\"tel:+4795156999\">95 15 69 99<\/a><\/div><\/div>\n\n<\/div>\n\n<\/div>\n<\/div>\n<\/div>\n\n\n<div class=\"wp-block-group has-global-padding is-layout-constrained wp-block-group-is-layout-constrained\">\n<p>Kontakt gjerne fagansvarlige for bane og vei:<\/p>\n\n\n<div class=\"t2-featured-content-layout align align wp-block-t2-featured-content-layout\">\n<div class=\"t2-featured-single-post t2-featured-content is-post-type-person role-fagsjef-vei-og-transport wp-block-t2-featured-single-post t2-featured-content-layout-col-6\">\n\t\t<div class=\"t2-post-link alignfull wp-block-t2-wrapper\">\n<figure style=\"--t2-focal-point: 50% 50%;\" class=\"t2-post-featured-image has-image-ratio-1-1 wp-block-t2-post-featured-image\"><img loading=\"lazy\" decoding=\"async\" width=\"1536\" height=\"2048\" src=\"https:\/\/www.jernbanedirektoratet.no\/content\/uploads\/sites\/3\/2021\/01\/torbjorn-haugen.jpg\" class=\"attachment-post-thumbnail size-post-thumbnail wp-post-image\" alt=\"\" srcset=\"https:\/\/www.jernbanedirektoratet.no\/content\/uploads\/sites\/3\/2021\/01\/torbjorn-haugen.jpg 1536w, https:\/\/www.jernbanedirektoratet.no\/content\/uploads\/sites\/3\/2021\/01\/torbjorn-haugen-225x300.jpg 225w, https:\/\/www.jernbanedirektoratet.no\/content\/uploads\/sites\/3\/2021\/01\/torbjorn-haugen-768x1024.jpg 768w, https:\/\/www.jernbanedirektoratet.no\/content\/uploads\/sites\/3\/2021\/01\/torbjorn-haugen-1152x1536.jpg 1152w\" sizes=\"auto, (min-width: 1200px) 584px, (min-width: 700px) 50vw, 300px\" \/><\/figure>\n\n\n\t\t<div class=\"t2-post-link-content wp-block-t2-wrapper\">\n<h3 class=\"t2-post-title wp-block-t2-post-title\">Torbj\u00f8rn Haugen<\/h3>\n<div class=\"wp-block-jernbanedirektoratet-post-info\"><div data-term-key=\"role\">Fagsjef vei og transport<\/div><\/div>\n<div class=\"wp-block-jernbanedirektoratet-post-info\"><div data-meta-key=\"people_email\"><a href=\"mailto:torbjorn.haugen@konnekt.no\">Send e-post<\/a><\/div><div data-meta-key=\"people_phone\"><a href=\"tel:+4790777865\">90 77 78 65<\/a><\/div><\/div>\n\n<\/div>\n\n<\/div>\n<\/div>\n\n<div class=\"t2-featured-single-post t2-featured-content is-post-type-person role-fagansvarlig-bane wp-block-t2-featured-single-post t2-featured-content-layout-col-6\">\n\t\t<div class=\"t2-post-link alignfull wp-block-t2-wrapper\">\n<figure style=\"--t2-focal-point: 50% 50%;\" class=\"t2-post-featured-image has-image-ratio-1-1 wp-block-t2-post-featured-image\"><img loading=\"lazy\" decoding=\"async\" width=\"2488\" height=\"2560\" src=\"https:\/\/www.jernbanedirektoratet.no\/content\/uploads\/sites\/3\/2020\/06\/elisabeth-cabrinetti2-scaled-1.jpg\" class=\"attachment-post-thumbnail size-post-thumbnail wp-post-image\" alt=\"\" srcset=\"https:\/\/www.jernbanedirektoratet.no\/content\/uploads\/sites\/3\/2020\/06\/elisabeth-cabrinetti2-scaled-1.jpg 2488w, https:\/\/www.jernbanedirektoratet.no\/content\/uploads\/sites\/3\/2020\/06\/elisabeth-cabrinetti2-scaled-1-292x300.jpg 292w, https:\/\/www.jernbanedirektoratet.no\/content\/uploads\/sites\/3\/2020\/06\/elisabeth-cabrinetti2-scaled-1-995x1024.jpg 995w, https:\/\/www.jernbanedirektoratet.no\/content\/uploads\/sites\/3\/2020\/06\/elisabeth-cabrinetti2-scaled-1-768x790.jpg 768w, https:\/\/www.jernbanedirektoratet.no\/content\/uploads\/sites\/3\/2020\/06\/elisabeth-cabrinetti2-scaled-1-1493x1536.jpg 1493w, https:\/\/www.jernbanedirektoratet.no\/content\/uploads\/sites\/3\/2020\/06\/elisabeth-cabrinetti2-scaled-1-1990x2048.jpg 1990w\" sizes=\"auto, (min-width: 1200px) 584px, (min-width: 700px) 50vw, 300px\" \/><\/figure>\n\n\n\t\t<div class=\"t2-post-link-content wp-block-t2-wrapper\">\n<h3 class=\"t2-post-title wp-block-t2-post-title\">Elisabeth Cabrinetti<\/h3>\n<div class=\"wp-block-jernbanedirektoratet-post-info\"><div data-term-key=\"role\">Fagansvarlig bane<\/div><\/div>\n<div class=\"wp-block-jernbanedirektoratet-post-info\"><div data-meta-key=\"people_email\"><a href=\"mailto:elisabeth@konnekt.no\">Send e-post<\/a><\/div><div data-meta-key=\"people_phone\"><a href=\"tel:+4791653947\">91 65 39 47<\/a><\/div><\/div>\n\n<\/div>\n\n<\/div>\n<\/div>\n<\/div><\/div>\n\n\n\n\t\t<div class=\"t2-factbox wp-block-t2-factbox\" id=\"t2-factbox\">\n\t\t\t<div class=\"t2-factbox__content\">\n\t\t\t\t<div class=\"t2-factbox__blocks t2-factbox__inner-container\">\n\t\t\t\t\t\n\n<h3 class=\"wp-block-heading\" id=\"h-besok-oss\">Bes\u00f8k oss<\/h3>\n\n\n\n<p>Biskop Gunnerus gate 14<br>0185 Oslo<br><a href=\"https:\/\/www.norgeskart.no\/?_ga=2.39710373.746410531.1582805555-127258619.1582805555#!?project=norgeskart&amp;layers=1002&amp;zoom=14&amp;lat=6649254.51&amp;lon=262607.51&amp;sok=Biskop%20Gunnerus%20gate&amp;markerLat=6649263.772868875&amp;markerLon=262484.00303503056&amp;panel=Seeiendom&amp;showSelection=false\" target=\"_blank\" rel=\"noreferrer noopener\">Vis i kart<\/a><\/p>\n\n\n\t\t\t\t<\/div>\n\t\t\t\t\n\t\t\t<\/div>\n\t\t\t\n\t\t<\/div>\n\n<ul class=\"t2-link-list has-1-items has-auto-columns wp-block-t2-link-list\">\n\t<li class=\"t2-link-list-item wp-block-t2-link-list-item\">\n\t\t<a\n\t\t\thref=\"https:\/\/www.jernbanedirektoratet.no\/konnekt\/send-inn-forslag-til-studentoppgave\/\"\n\t\t\tclass=\"t2-link-list-item__link t2-link-list__icon--right\"\n\t\t\t\t\t>\n\t\t\t<span class=\"t2-link-list-item__icon\"><span class=\"t2-link-list-item__icon-box\"><\/span><svg xmlns=\"http:\/\/www.w3.org\/2000\/svg\" viewBox=\"0 0 24 24\" height=\"24\" width=\"24\" class=\"t2-icon t2-icon-arrowforward\" aria-hidden=\"true\" focusable=\"false\"><path d=\"M 20.78 12.531 L 14.03 19.281 C 13.89 19.421 13.699 19.5 13.5 19.5 C 13.301 19.5 13.11 19.421 12.969 19.281 C 12.828 19.14 12.749 18.949 12.749 18.75 C 12.749 18.551 12.828 18.36 12.969 18.219 L 18.439 12.75 L 3.75 12.75 C 3.551 12.75 3.36 12.671 3.219 12.53 C 3.079 12.39 3 12.199 3 12 C 3 11.801 3.079 11.61 3.219 11.47 C 3.36 11.329 3.551 11.25 3.75 11.25 L 18.439 11.25 L 12.969 5.781 C 12.828 5.64 12.749 5.449 12.749 5.25 C 12.749 5.051 12.828 4.86 12.969 4.719 C 13.11 4.579 13.301 4.5 13.5 4.5 C 13.699 4.5 13.89 4.579 14.03 4.719 L 20.78 11.469 C 20.85 11.539 20.905 11.622 20.943 11.713 C 20.981 11.804 21 11.901 21 12 C 21 12.099 20.981 12.196 20.943 12.287 C 20.905 12.378 20.85 12.461 20.78 12.531 Z\" fill=\"currentColor\" \/><\/svg><\/span>\t\t\t<div class=\"t2-link-list-item__content\">\n\n\t\t\t\t\n\t\t\t\t<span class=\"t2-link-list-item__text\">\n\t\t\t\t\tSend inn forslag til studentoppgave\t\t\t\t<\/span>\n\t\t\t\t\t\t\t<\/div>\n\t\t<\/a>\n\t<\/li>\n\t\n<\/ul>","protected":false},"excerpt":{"rendered":"<p>Kontakt oss gjerne dersom du \u00f8nsker \u00e5 vite mer om Konnekt, hvordan vi samler samferdselssektoren, eller om du \u00f8nsker \u00e5 delta i samarbeidet. <\/p>\n","protected":false},"author":14,"featured_media":0,"parent":0,"menu_order":0,"comment_status":"closed","ping_status":"closed","template":"","meta":{"post_sublanguage":"","footnotes":""},"class_list":["post-2238","page","type-page","status-publish","hentry"],"yoast_head":"<!-- This site is optimized with the Yoast SEO Premium plugin v25.3 (Yoast SEO v25.3) - https:\/\/yoast.com\/wordpress\/plugins\/seo\/ -->\n<title>Kontakt oss - Konnekt<\/title>\n<meta name=\"robots\" content=\"index, follow, max-snippet:-1, max-image-preview:large, max-video-preview:-1\" \/>\n<link rel=\"canonical\" href=\"https:\/\/www.jernbanedirektoratet.no\/konnekt\/kontakt\/\" \/>\n<meta property=\"og:locale\" content=\"nb_NO\" \/>\n<meta property=\"og:type\" content=\"article\" \/>\n<meta property=\"og:title\" content=\"Kontakt oss\" \/>\n<meta property=\"og:description\" content=\"Kontakt oss gjerne dersom du \u00f8nsker \u00e5 vite mer om Konnekt, hvordan vi samler samferdselssektoren, eller om du \u00f8nsker \u00e5 delta i samarbeidet.\" \/>\n<meta property=\"og:url\" content=\"https:\/\/www.jernbanedirektoratet.no\/konnekt\/kontakt\/\" \/>\n<meta property=\"og:site_name\" content=\"Konnekt\" \/>\n<meta property=\"article:modified_time\" content=\"2024-04-11T12:37:40+00:00\" \/>\n<meta name=\"twitter:card\" content=\"summary_large_image\" \/>\n<meta name=\"twitter:label1\" content=\"Ansl. lesetid\" \/>\n\t<meta name=\"twitter:data1\" content=\"1 minutt\" \/>\n<script type=\"application\/ld+json\" class=\"yoast-schema-graph\">{\"@context\":\"https:\/\/schema.org\",\"@graph\":[{\"@type\":\"WebPage\",\"@id\":\"https:\/\/www.jernbanedirektoratet.no\/konnekt\/kontakt\/\",\"url\":\"https:\/\/www.jernbanedirektoratet.no\/konnekt\/kontakt\/\",\"name\":\"Kontakt oss - Konnekt\",\"isPartOf\":{\"@id\":\"https:\/\/www.jernbanedirektoratet.no\/konnekt\/#website\"},\"datePublished\":\"2020-01-17T14:13:57+00:00\",\"dateModified\":\"2024-04-11T12:37:40+00:00\",\"breadcrumb\":{\"@id\":\"https:\/\/www.jernbanedirektoratet.no\/konnekt\/kontakt\/#breadcrumb\"},\"inLanguage\":\"nb-NO\",\"potentialAction\":[{\"@type\":\"ReadAction\",\"target\":[\"https:\/\/www.jernbanedirektoratet.no\/konnekt\/kontakt\/\"]}]},{\"@type\":\"BreadcrumbList\",\"@id\":\"https:\/\/www.jernbanedirektoratet.no\/konnekt\/kontakt\/#breadcrumb\",\"itemListElement\":[{\"@type\":\"ListItem\",\"position\":1,\"name\":\"Hjem\",\"item\":\"https:\/\/www.jernbanedirektoratet.no\/konnekt\/\"},{\"@type\":\"ListItem\",\"position\":2,\"name\":\"Kontakt oss\"}]},{\"@type\":\"WebSite\",\"@id\":\"https:\/\/www.jernbanedirektoratet.no\/konnekt\/#website\",\"url\":\"https:\/\/www.jernbanedirektoratet.no\/konnekt\/\",\"name\":\"Konnekt\",\"description\":\"\",\"publisher\":{\"@id\":\"https:\/\/www.jernbanedirektoratet.no\/konnekt\/#organization\"},\"potentialAction\":[{\"@type\":\"SearchAction\",\"target\":{\"@type\":\"EntryPoint\",\"urlTemplate\":\"https:\/\/www.jernbanedirektoratet.no\/konnekt\/?s={search_term_string}\"},\"query-input\":{\"@type\":\"PropertyValueSpecification\",\"valueRequired\":true,\"valueName\":\"search_term_string\"}}],\"inLanguage\":\"nb-NO\"},{\"@type\":\"Organization\",\"@id\":\"https:\/\/www.jernbanedirektoratet.no\/konnekt\/#organization\",\"name\":\"Konnekt\",\"url\":\"https:\/\/www.jernbanedirektoratet.no\/konnekt\/\",\"logo\":{\"@type\":\"ImageObject\",\"inLanguage\":\"nb-NO\",\"@id\":\"https:\/\/www.jernbanedirektoratet.no\/konnekt\/#\/schema\/logo\/image\/\",\"url\":\"https:\/\/www.jernbanedirektoratet.no\/content\/uploads\/sites\/3\/2024\/01\/logo-konnekt.svg\",\"contentUrl\":\"https:\/\/www.jernbanedirektoratet.no\/content\/uploads\/sites\/3\/2024\/01\/logo-konnekt.svg\",\"caption\":\"Konnekt\"},\"image\":{\"@id\":\"https:\/\/www.jernbanedirektoratet.no\/konnekt\/#\/schema\/logo\/image\/\"}}]}<\/script>\n<!-- \/ Yoast SEO Premium plugin. -->","yoast_head_json":{"title":"Kontakt oss - Konnekt","robots":{"index":"index","follow":"follow","max-snippet":"max-snippet:-1","max-image-preview":"max-image-preview:large","max-video-preview":"max-video-preview:-1"},"canonical":"https:\/\/www.jernbanedirektoratet.no\/konnekt\/kontakt\/","og_locale":"nb_NO","og_type":"article","og_title":"Kontakt oss","og_description":"Kontakt oss gjerne dersom du \u00f8nsker \u00e5 vite mer om Konnekt, hvordan vi samler samferdselssektoren, eller om du \u00f8nsker \u00e5 delta i samarbeidet.","og_url":"https:\/\/www.jernbanedirektoratet.no\/konnekt\/kontakt\/","og_site_name":"Konnekt","article_modified_time":"2024-04-11T12:37:40+00:00","twitter_card":"summary_large_image","twitter_misc":{"Ansl. lesetid":"1 minutt"},"schema":{"@context":"https:\/\/schema.org","@graph":[{"@type":"WebPage","@id":"https:\/\/www.jernbanedirektoratet.no\/konnekt\/kontakt\/","url":"https:\/\/www.jernbanedirektoratet.no\/konnekt\/kontakt\/","name":"Kontakt oss - Konnekt","isPartOf":{"@id":"https:\/\/www.jernbanedirektoratet.no\/konnekt\/#website"},"datePublished":"2020-01-17T14:13:57+00:00","dateModified":"2024-04-11T12:37:40+00:00","breadcrumb":{"@id":"https:\/\/www.jernbanedirektoratet.no\/konnekt\/kontakt\/#breadcrumb"},"inLanguage":"nb-NO","potentialAction":[{"@type":"ReadAction","target":["https:\/\/www.jernbanedirektoratet.no\/konnekt\/kontakt\/"]}]},{"@type":"BreadcrumbList","@id":"https:\/\/www.jernbanedirektoratet.no\/konnekt\/kontakt\/#breadcrumb","itemListElement":[{"@type":"ListItem","position":1,"name":"Hjem","item":"https:\/\/www.jernbanedirektoratet.no\/konnekt\/"},{"@type":"ListItem","position":2,"name":"Kontakt oss"}]},{"@type":"WebSite","@id":"https:\/\/www.jernbanedirektoratet.no\/konnekt\/#website","url":"https:\/\/www.jernbanedirektoratet.no\/konnekt\/","name":"Konnekt","description":"","publisher":{"@id":"https:\/\/www.jernbanedirektoratet.no\/konnekt\/#organization"},"potentialAction":[{"@type":"SearchAction","target":{"@type":"EntryPoint","urlTemplate":"https:\/\/www.jernbanedirektoratet.no\/konnekt\/?s={search_term_string}"},"query-input":{"@type":"PropertyValueSpecification","valueRequired":true,"valueName":"search_term_string"}}],"inLanguage":"nb-NO"},{"@type":"Organization","@id":"https:\/\/www.jernbanedirektoratet.no\/konnekt\/#organization","name":"Konnekt","url":"https:\/\/www.jernbanedirektoratet.no\/konnekt\/","logo":{"@type":"ImageObject","inLanguage":"nb-NO","@id":"https:\/\/www.jernbanedirektoratet.no\/konnekt\/#\/schema\/logo\/image\/","url":"https:\/\/www.jernbanedirektoratet.no\/content\/uploads\/sites\/3\/2024\/01\/logo-konnekt.svg","contentUrl":"https:\/\/www.jernbanedirektoratet.no\/content\/uploads\/sites\/3\/2024\/01\/logo-konnekt.svg","caption":"Konnekt"},"image":{"@id":"https:\/\/www.jernbanedirektoratet.no\/konnekt\/#\/schema\/logo\/image\/"}}]}},"_links":{"self":[{"href":"https:\/\/www.jernbanedirektoratet.no\/konnekt\/wp-json\/wp\/v2\/pages\/2238","targetHints":{"allow":["GET"]}}],"collection":[{"href":"https:\/\/www.jernbanedirektoratet.no\/konnekt\/wp-json\/wp\/v2\/pages"}],"about":[{"href":"https:\/\/www.jernbanedirektoratet.no\/konnekt\/wp-json\/wp\/v2\/types\/page"}],"author":[{"embeddable":true,"href":"https:\/\/www.jernbanedirektoratet.no\/konnekt\/wp-json\/wp\/v2\/users\/14"}],"replies":[{"embeddable":true,"href":"https:\/\/www.jernbanedirektoratet.no\/konnekt\/wp-json\/wp\/v2\/comments?post=2238"}],"version-history":[{"count":5,"href":"https:\/\/www.jernbanedirektoratet.no\/konnekt\/wp-json\/wp\/v2\/pages\/2238\/revisions"}],"predecessor-version":[{"id":2896,"href":"https:\/\/www.jernbanedirektoratet.no\/konnekt\/wp-json\/wp\/v2\/pages\/2238\/revisions\/2896"}],"wp:attachment":[{"href":"https:\/\/www.jernbanedirektoratet.no\/konnekt\/wp-json\/wp\/v2\/media?parent=2238"}],"curies":[{"name":"wp","href":"https:\/\/api.w.org\/{rel}","templated":true}]}}