{"id":3293,"date":"2026-03-23T12:15:05","date_gmt":"2026-03-23T11:15:05","guid":{"rendered":"https:\/\/www.jernbanedirektoratet.no\/konnekt\/?page_id=3293"},"modified":"2026-03-26T14:22:08","modified_gmt":"2026-03-26T13:22:08","slug":"kurs-i-sinalregulering","status":"publish","type":"page","link":"https:\/\/www.jernbanedirektoratet.no\/konnekt\/kurs-i-sinalregulering\/","title":{"rendered":"Kurs i sinalregulering"},"content":{"rendered":"<h1 class=\"wp-block-post-title\">Kurs i sinalregulering<\/h1>\n\n<p class=\"t2-ingress wp-block-t2-ingress\">Konnekt og Vegdirektoratet gjennomf\u00f8rer kurs i signalregulering mandag 24. og tirsdag 25. august 2026.<\/p>\n\n\n\t<div class=\"jernbanedirektoratet-byline jernbanedirektoratet-byline--post-updated wp-block-jernbanedirektoratet-byline\">\n\t\t\t\t\t<div class=\"jernbanedirektoratet-byline__names\">\n\t\t\t\t\t\t\t\t\t<div class=\"jernbanedirektoratet-byline__name\">\n\t\t\t\t\t<svg xmlns=\"http:\/\/www.w3.org\/2000\/svg\" viewBox=\"0 0 24 24\" height=\"24\" width=\"24\" class=\"t2-icon t2-icon-bullet\" aria-hidden=\"true\" focusable=\"false\"><path d=\"M9 9H15V15H9V9Z\" fill=\"currentColor\" \/><\/svg>Petter Karl Aanonsen\t\t\t\t\t<\/div>\n\t\t\t\t\t\t\t\t<\/div>\n\t\t\t\t\t\t\t<div class=\"jernbanedirektoratet-byline__time\">\n\t\t\t\t<time class=\"jernbanedirektoratet-byline__time__published\" datetime=\"2026-03-23T12:15:05+01:00\" >\n\t\t\t\t\tPublisert:\n\t\t\t\t\t23. mars 2026\t\t\t\t<\/time>\n\n\t\t\t\t\t\t\t\t<time class=\"jernbanedirektoratet-byline__time__updated\" datetime=\"2026-03-26T14:22:08+01:00\" >\n\t\t\t\t\tSist oppdatert:\n\t\t\t\t\t26. mars 2026\t\t\t\t<\/time>\n\t\t\t\t\t\t\t<\/div>\n\t\t\t<\/div>\n\t\n\n<figure class=\"alignwide wp-block-post-featured-image\"><img loading=\"lazy\" decoding=\"async\" width=\"877\" height=\"465\" src=\"https:\/\/www.jernbanedirektoratet.no\/content\/uploads\/sites\/3\/2026\/03\/Skjermbilde_23-3-2026_121332_svvekstern.imageshop.no_.jpeg\" class=\"attachment-post-thumbnail size-post-thumbnail wp-post-image\" alt=\"\" style=\"object-fit:cover;\" srcset=\"https:\/\/www.jernbanedirektoratet.no\/content\/uploads\/sites\/3\/2026\/03\/Skjermbilde_23-3-2026_121332_svvekstern.imageshop.no_.jpeg 877w, https:\/\/www.jernbanedirektoratet.no\/content\/uploads\/sites\/3\/2026\/03\/Skjermbilde_23-3-2026_121332_svvekstern.imageshop.no_-300x159.jpeg 300w, https:\/\/www.jernbanedirektoratet.no\/content\/uploads\/sites\/3\/2026\/03\/Skjermbilde_23-3-2026_121332_svvekstern.imageshop.no_-768x407.jpeg 768w\" sizes=\"auto, (max-width: 877px) 100vw, 877px\" \/><\/figure>\n\n\n<p>Kurset passer for alle som jobber med trafikksignalanlegg og trafikk i by \u2013 enten det er innen forvaltning, drift, prosjektering eller hos leverand\u00f8rer. Ved \u00e5 delta f\u00e5r du b\u00e5de praktisk og teoretisk innsikt i regelverk, utforming, drift og prioritering av signalanlegg. Dette gir deg muligheten til \u00e5 gj\u00f8re bedre vurderinger, behandle s\u00f8knader raskere og ta mer effektive beslutninger, samtidig som du f\u00e5r mulighet til \u00e5 bygge nettverk og utveksle erfaringer med andre fagpersoner.<\/p>\n\n\n\n<div class=\"wp-block-buttons is-layout-flex wp-block-buttons-is-layout-flex\">\n<div class=\"wp-block-button\"><a class=\"wp-block-button__link wp-element-button\" href=\"https:\/\/forms.office.com\/Pages\/ResponsePage.aspx?id=8Os2bm4QYUScf4oT6DrnvVMfNdvMSytGh7ZOHis3hMJUMTNMVkNZRVpOOFNVVTc4WjJPMk5TR1ZMQSQlQCN0PWcu\">Meld deg p\u00e5 her!<svg xmlns=\"http:\/\/www.w3.org\/2000\/svg\" viewBox=\"0 0 24 24\" height=\"24\" width=\"24\" class=\"t2-icon t2-icon-arrowforward\" aria-hidden=\"true\" focusable=\"false\"><path d=\"M 20.78 12.531 L 14.03 19.281 C 13.89 19.421 13.699 19.5 13.5 19.5 C 13.301 19.5 13.11 19.421 12.969 19.281 C 12.828 19.14 12.749 18.949 12.749 18.75 C 12.749 18.551 12.828 18.36 12.969 18.219 L 18.439 12.75 L 3.75 12.75 C 3.551 12.75 3.36 12.671 3.219 12.53 C 3.079 12.39 3 12.199 3 12 C 3 11.801 3.079 11.61 3.219 11.47 C 3.36 11.329 3.551 11.25 3.75 11.25 L 18.439 11.25 L 12.969 5.781 C 12.828 5.64 12.749 5.449 12.749 5.25 C 12.749 5.051 12.828 4.86 12.969 4.719 C 13.11 4.579 13.301 4.5 13.5 4.5 C 13.699 4.5 13.89 4.579 14.03 4.719 L 20.78 11.469 C 20.85 11.539 20.905 11.622 20.943 11.713 C 20.981 11.804 21 11.901 21 12 C 21 12.099 20.981 12.196 20.943 12.287 C 20.905 12.378 20.85 12.461 20.78 12.531 Z\" fill=\"currentColor\" \/><\/svg><\/a><\/div>\n<\/div>\n\n\n\n\t\t<div class=\"t2-factbox wp-block-t2-factbox\" id=\"t2-factbox\">\n\t\t\t<div class=\"t2-factbox__content\">\n\t\t\t\t<div class=\"t2-factbox__blocks t2-factbox__inner-container\">\n\t\t\t\t\t\n\n<h3 class=\"wp-block-heading\" id=\"h-praktisk-informasjon\">Praktisk informasjon<\/h3>\n\n\n\n<p>Sted: Oslo, Helsfyr, Innspurten 11c &#8211; Valle Vision<\/p>\n\n\n\n<p>Oppm\u00f8te: Fysisk<\/p>\n\n\n\n<p>N\u00e5r: Mandag 24.<strong> 10.00-15.30 <\/strong> og Tirsdag 25. august <strong>08.30-15.30<\/strong><\/p>\n\n\n\n<p>Pris: <strong>Gratis<\/strong>. <\/p>\n\n\n\t\t\t\t<\/div>\n\t\t\t\t\n\t\t\t<\/div>\n\t\t\t\n\t\t<\/div>\n\n\n<h2 class=\"wp-block-heading\" id=\"h-malgruppe\">M\u00e5lgruppe<\/h2>\n\n\n\n<p>Kurset g\u00e5r over 2 dager og er rettet mot:<\/p>\n\n\n\n<ul class=\"wp-block-list\">\n<li>Nye og erfarne innen fagfeltet trafikksignalanlegg<\/li>\n\n\n\n<li>De som jobber med fremkommelighet i by, inkludert sykkel og kollektiv<\/li>\n\n\n\n<li>De som har forvaltningsansvar for signalanlegg<\/li>\n\n\n\n<li>De som jobber med drift av signalanlegg<\/li>\n\n\n\n<li>De som prosjekterer signalanlegg<\/li>\n\n\n\n<li>Leverand\u00f8rer av trafikksignalanlegg<\/li>\n\n\n\n<li>De som vil m\u00f8te andre som jobber med signalregulering<\/li>\n<\/ul>\n\n\n\n<h2 class=\"wp-block-heading\" id=\"h-innhold-i-kurset\">Innhold i kurset<\/h2>\n\n\n\n<p>Kurset skal gi deltagerne grunnleggende kunnskap om signalregulering og gj\u00f8re deltagerne i stand til \u00e5:<\/p>\n\n\n\n<ul class=\"wp-block-list\">\n<li>F\u00f8lge opp forvaltningsansvaret for signalanlegg<\/li>\n\n\n\n<li>S\u00f8ke om vedtak p\u00e5 signalanlegg<\/li>\n\n\n\n<li>Utarbeide og vurdere planer for nye og endrede signalanlegg<\/li>\n\n\n\n<li>Sikre hensiktsmessig bruk av signalregulering<\/li>\n<\/ul>\n\n\n\n<p>Kurset tar for seg temaene:<\/p>\n\n\n\n<ol class=\"wp-block-list\">\n<li>Regelverk, s\u00f8knad og vedtaksprosedyre<\/li>\n\n\n\n<li>Utforming av kryss og gangfelt<\/li>\n\n\n\n<li>Styrem\u00e5ter og logikk<\/li>\n\n\n\n<li>Detektering<\/li>\n\n\n\n<li>Sykkel i signalanlegg<\/li>\n\n\n\n<li>Fotgjengere i signalanlegg<\/li>\n\n\n\n<li>Kollektivprioritering i signalanlegg<\/li>\n\n\n\n<li>Drift og vedlikehold<\/li>\n\n\n\n<li>Kapasitetsberegninger<\/li>\n\n\n\n<li>Anbud og \u00e5pne protokoller<\/li>\n\n\n\n<li>Skyttelsignalanlegg<\/li>\n\n\n\n<li>Tilfartskontroller<\/li>\n\n\n\n<li>Kj\u00f8refeltsignal<\/li>\n\n\n\n<li>R\u00f8dt stoppblinksignal<\/li>\n\n\n\n<li>Bruk av \u00f8vrige signaler (anm: Info om 2-lyssignal, gult blinksignal mm)<\/li>\n<\/ol>\n\n\n\n<div class=\"wp-block-buttons is-layout-flex wp-block-buttons-is-layout-flex\">\n<div class=\"wp-block-button\"><a class=\"wp-block-button__link wp-element-button\" href=\"https:\/\/forms.office.com\/Pages\/ResponsePage.aspx?id=8Os2bm4QYUScf4oT6DrnvVMfNdvMSytGh7ZOHis3hMJUMTNMVkNZRVpOOFNVVTc4WjJPMk5TR1ZMQSQlQCN0PWcu\">Meld deg p\u00e5 her!<svg xmlns=\"http:\/\/www.w3.org\/2000\/svg\" viewBox=\"0 0 24 24\" height=\"24\" width=\"24\" class=\"t2-icon t2-icon-arrowforward\" aria-hidden=\"true\" focusable=\"false\"><path d=\"M 20.78 12.531 L 14.03 19.281 C 13.89 19.421 13.699 19.5 13.5 19.5 C 13.301 19.5 13.11 19.421 12.969 19.281 C 12.828 19.14 12.749 18.949 12.749 18.75 C 12.749 18.551 12.828 18.36 12.969 18.219 L 18.439 12.75 L 3.75 12.75 C 3.551 12.75 3.36 12.671 3.219 12.53 C 3.079 12.39 3 12.199 3 12 C 3 11.801 3.079 11.61 3.219 11.47 C 3.36 11.329 3.551 11.25 3.75 11.25 L 18.439 11.25 L 12.969 5.781 C 12.828 5.64 12.749 5.449 12.749 5.25 C 12.749 5.051 12.828 4.86 12.969 4.719 C 13.11 4.579 13.301 4.5 13.5 4.5 C 13.699 4.5 13.89 4.579 14.03 4.719 L 20.78 11.469 C 20.85 11.539 20.905 11.622 20.943 11.713 C 20.981 11.804 21 11.901 21 12 C 21 12.099 20.981 12.196 20.943 12.287 C 20.905 12.378 20.85 12.461 20.78 12.531 Z\" fill=\"currentColor\" \/><\/svg><\/a><\/div>\n<\/div>\n\n\n\n<div class=\"wp-block-group alignwide has-global-padding is-layout-constrained wp-block-group-is-layout-constrained\">\n<h2 class=\"wp-block-heading alignwide\" id=\"h-relaterte-artikler\">Relaterte artikler<\/h2>\n\n\n<div class=\"t2-featured-content-layout alignwide alignwide wp-block-t2-featured-content-layout\">\n<div class=\"t2-featured-query-post t2-featured-content is-post-type-post category-ukategorisert wp-block-t2-featured-query-post\"><a class=\"t2-post-link wp-block-t2-post-link\" href=\"https:\/\/www.jernbanedirektoratet.no\/konnekt\/nyheter\/planlegging-for-mobilitet-pa-sykkel-nytt-videreutdanningskurs-fra-ntnu\/\">\n<figure style=\"--t2-focal-point: 50% 50%;\" class=\"t2-post-featured-image has-image-ratio-16-9 wp-block-t2-post-featured-image\"><img loading=\"lazy\" decoding=\"async\" width=\"2560\" height=\"1703\" src=\"https:\/\/www.jernbanedirektoratet.no\/content\/uploads\/sites\/3\/2025\/11\/OYG25288_-_Ski_stSykkelhotell-scaled.jpg\" class=\"attachment-post-thumbnail size-post-thumbnail wp-post-image\" alt=\"\" srcset=\"https:\/\/www.jernbanedirektoratet.no\/content\/uploads\/sites\/3\/2025\/11\/OYG25288_-_Ski_stSykkelhotell-scaled.jpg 2560w, https:\/\/www.jernbanedirektoratet.no\/content\/uploads\/sites\/3\/2025\/11\/OYG25288_-_Ski_stSykkelhotell-300x200.jpg 300w, https:\/\/www.jernbanedirektoratet.no\/content\/uploads\/sites\/3\/2025\/11\/OYG25288_-_Ski_stSykkelhotell-1024x681.jpg 1024w, https:\/\/www.jernbanedirektoratet.no\/content\/uploads\/sites\/3\/2025\/11\/OYG25288_-_Ski_stSykkelhotell-768x511.jpg 768w, https:\/\/www.jernbanedirektoratet.no\/content\/uploads\/sites\/3\/2025\/11\/OYG25288_-_Ski_stSykkelhotell-1536x1022.jpg 1536w, https:\/\/www.jernbanedirektoratet.no\/content\/uploads\/sites\/3\/2025\/11\/OYG25288_-_Ski_stSykkelhotell-2048x1363.jpg 2048w\" sizes=\"auto, (min-width: 1200px) 378px, (min-width: 700px) 33vw, 300px\" \/><\/figure>\n\n\n\t\t<div class=\"t2-post-link-content wp-block-t2-wrapper\">\n\n\n\t\t<div class=\"card-meta wp-block-t2-wrapper\">\n<div class=\"wp-block-post-date\"><time datetime=\"2025-11-28T09:28:25+01:00\">28. november 2025<\/time><\/div>\n<div class=\"taxonomy-category wp-block-post-terms\"><\/div>\n<\/div>\n\n<h3 class=\"t2-post-title wp-block-t2-post-title\">Planlegging for mobilitet p\u00e5 sykkel \u2013 nytt videreutdanningskurs fra NTNU<\/h3>\n\n<\/div>\n\n<\/a>\n<\/div>\n\n<div class=\"t2-featured-query-post t2-featured-content is-post-type-post category-ukategorisert wp-block-t2-featured-query-post\"><a class=\"t2-post-link wp-block-t2-post-link\" href=\"https:\/\/www.jernbanedirektoratet.no\/konnekt\/nyheter\/tarald-odegard-foss-tildeles-baerekraftsprisen-ved-nmbu\/\">\n<figure style=\"--t2-focal-point: 50% 50%;\" class=\"t2-post-featured-image has-image-ratio-16-9 wp-block-t2-post-featured-image\"><img loading=\"lazy\" decoding=\"async\" width=\"1163\" height=\"624\" src=\"https:\/\/www.jernbanedirektoratet.no\/content\/uploads\/sites\/3\/2025\/11\/tarald-odegard-foss.png\" class=\"attachment-post-thumbnail size-post-thumbnail wp-post-image\" alt=\"\" srcset=\"https:\/\/www.jernbanedirektoratet.no\/content\/uploads\/sites\/3\/2025\/11\/tarald-odegard-foss.png 1163w, https:\/\/www.jernbanedirektoratet.no\/content\/uploads\/sites\/3\/2025\/11\/tarald-odegard-foss-300x161.png 300w, https:\/\/www.jernbanedirektoratet.no\/content\/uploads\/sites\/3\/2025\/11\/tarald-odegard-foss-1024x549.png 1024w, https:\/\/www.jernbanedirektoratet.no\/content\/uploads\/sites\/3\/2025\/11\/tarald-odegard-foss-768x412.png 768w\" sizes=\"auto, (min-width: 1200px) 378px, (min-width: 700px) 33vw, 300px\" \/><\/figure>\n\n\n\t\t<div class=\"t2-post-link-content wp-block-t2-wrapper\">\n\n\n\t\t<div class=\"card-meta wp-block-t2-wrapper\">\n<div class=\"wp-block-post-date\"><time datetime=\"2025-11-24T08:28:16+01:00\">24. november 2025<\/time><\/div>\n<div class=\"taxonomy-category wp-block-post-terms\"><\/div>\n<\/div>\n\n<h3 class=\"t2-post-title wp-block-t2-post-title\">Tarald \u00d8deg\u00e5rd Foss tildeles b\u00e6rekraftsprisen ved NMBU<\/h3>\n\n<\/div>\n\n<\/a>\n<\/div>\n\n<div class=\"t2-featured-query-post t2-featured-content is-post-type-post category-ukategorisert wp-block-t2-featured-query-post\"><a class=\"t2-post-link wp-block-t2-post-link\" href=\"https:\/\/www.jernbanedirektoratet.no\/konnekt\/nyheter\/samferdselsskolen-et-krafttak-for-fremtidens-kompetanse\/\">\n<figure style=\"--t2-focal-point: 50% 50%;\" class=\"t2-post-featured-image has-image-ratio-16-9 wp-block-t2-post-featured-image\"><img loading=\"lazy\" decoding=\"async\" width=\"2560\" height=\"1704\" src=\"https:\/\/www.jernbanedirektoratet.no\/content\/uploads\/sites\/3\/2025\/11\/OYG2981Minnevika_bru_-__st_ping_av_siste_tverrbjelkeDovrebanen_ICBane_NOR-scaled.jpg\" class=\"attachment-post-thumbnail size-post-thumbnail wp-post-image\" alt=\"\" srcset=\"https:\/\/www.jernbanedirektoratet.no\/content\/uploads\/sites\/3\/2025\/11\/OYG2981Minnevika_bru_-__st_ping_av_siste_tverrbjelkeDovrebanen_ICBane_NOR-scaled.jpg 2560w, https:\/\/www.jernbanedirektoratet.no\/content\/uploads\/sites\/3\/2025\/11\/OYG2981Minnevika_bru_-__st_ping_av_siste_tverrbjelkeDovrebanen_ICBane_NOR-300x200.jpg 300w, https:\/\/www.jernbanedirektoratet.no\/content\/uploads\/sites\/3\/2025\/11\/OYG2981Minnevika_bru_-__st_ping_av_siste_tverrbjelkeDovrebanen_ICBane_NOR-1024x682.jpg 1024w, https:\/\/www.jernbanedirektoratet.no\/content\/uploads\/sites\/3\/2025\/11\/OYG2981Minnevika_bru_-__st_ping_av_siste_tverrbjelkeDovrebanen_ICBane_NOR-768x511.jpg 768w, https:\/\/www.jernbanedirektoratet.no\/content\/uploads\/sites\/3\/2025\/11\/OYG2981Minnevika_bru_-__st_ping_av_siste_tverrbjelkeDovrebanen_ICBane_NOR-1536x1022.jpg 1536w, https:\/\/www.jernbanedirektoratet.no\/content\/uploads\/sites\/3\/2025\/11\/OYG2981Minnevika_bru_-__st_ping_av_siste_tverrbjelkeDovrebanen_ICBane_NOR-2048x1363.jpg 2048w\" sizes=\"auto, (min-width: 1200px) 378px, (min-width: 700px) 33vw, 300px\" \/><\/figure>\n\n\n\t\t<div class=\"t2-post-link-content wp-block-t2-wrapper\">\n\n\n\t\t<div class=\"card-meta wp-block-t2-wrapper\">\n<div class=\"wp-block-post-date\"><time datetime=\"2025-11-11T11:42:10+01:00\">11. november 2025<\/time><\/div>\n<div class=\"taxonomy-category wp-block-post-terms\"><\/div>\n<\/div>\n\n<h3 class=\"t2-post-title wp-block-t2-post-title\">Samferdselsskolen \u2013 et krafttak for fremtidens kompetanse<\/h3>\n\n<\/div>\n\n<\/a>\n<\/div>\n<\/div><\/div>\n","protected":false},"excerpt":{"rendered":"","protected":false},"author":14,"featured_media":3294,"parent":0,"menu_order":0,"comment_status":"closed","ping_status":"closed","template":"","meta":{"post_sublanguage":"","footnotes":""},"class_list":["post-3293","page","type-page","status-publish","has-post-thumbnail","hentry"],"yoast_head":"<!-- This site is optimized with the Yoast SEO Premium plugin v25.3 (Yoast SEO v25.3) - https:\/\/yoast.com\/wordpress\/plugins\/seo\/ -->\n<title>Kurs i sinalregulering - Konnekt<\/title>\n<meta name=\"robots\" content=\"index, follow, max-snippet:-1, max-image-preview:large, max-video-preview:-1\" \/>\n<link rel=\"canonical\" href=\"https:\/\/www.jernbanedirektoratet.no\/konnekt\/kurs-i-sinalregulering\/\" \/>\n<meta property=\"og:locale\" content=\"nb_NO\" \/>\n<meta property=\"og:type\" content=\"article\" \/>\n<meta property=\"og:title\" content=\"Kurs i sinalregulering\" \/>\n<meta property=\"og:url\" content=\"https:\/\/www.jernbanedirektoratet.no\/konnekt\/kurs-i-sinalregulering\/\" \/>\n<meta property=\"og:site_name\" content=\"Konnekt\" \/>\n<meta property=\"article:modified_time\" content=\"2026-03-26T13:22:08+00:00\" \/>\n<meta property=\"og:image\" content=\"https:\/\/www.jernbanedirektoratet.no\/content\/uploads\/sites\/3\/2026\/03\/Skjermbilde_23-3-2026_121332_svvekstern.imageshop.no_.jpeg\" \/>\n\t<meta property=\"og:image:width\" content=\"877\" \/>\n\t<meta property=\"og:image:height\" content=\"465\" \/>\n\t<meta property=\"og:image:type\" content=\"image\/jpeg\" \/>\n<meta name=\"twitter:card\" content=\"summary_large_image\" \/>\n<meta name=\"twitter:label1\" content=\"Ansl. lesetid\" \/>\n\t<meta name=\"twitter:data1\" content=\"2 minutter\" \/>\n<script type=\"application\/ld+json\" class=\"yoast-schema-graph\">{\"@context\":\"https:\/\/schema.org\",\"@graph\":[{\"@type\":\"WebPage\",\"@id\":\"https:\/\/www.jernbanedirektoratet.no\/konnekt\/kurs-i-sinalregulering\/\",\"url\":\"https:\/\/www.jernbanedirektoratet.no\/konnekt\/kurs-i-sinalregulering\/\",\"name\":\"Kurs i sinalregulering - Konnekt\",\"isPartOf\":{\"@id\":\"https:\/\/www.jernbanedirektoratet.no\/konnekt\/#website\"},\"primaryImageOfPage\":{\"@id\":\"https:\/\/www.jernbanedirektoratet.no\/konnekt\/kurs-i-sinalregulering\/#primaryimage\"},\"image\":{\"@id\":\"https:\/\/www.jernbanedirektoratet.no\/konnekt\/kurs-i-sinalregulering\/#primaryimage\"},\"thumbnailUrl\":\"https:\/\/www.jernbanedirektoratet.no\/content\/uploads\/sites\/3\/2026\/03\/Skjermbilde_23-3-2026_121332_svvekstern.imageshop.no_.jpeg\",\"datePublished\":\"2026-03-23T11:15:05+00:00\",\"dateModified\":\"2026-03-26T13:22:08+00:00\",\"breadcrumb\":{\"@id\":\"https:\/\/www.jernbanedirektoratet.no\/konnekt\/kurs-i-sinalregulering\/#breadcrumb\"},\"inLanguage\":\"nb-NO\",\"potentialAction\":[{\"@type\":\"ReadAction\",\"target\":[\"https:\/\/www.jernbanedirektoratet.no\/konnekt\/kurs-i-sinalregulering\/\"]}]},{\"@type\":\"ImageObject\",\"inLanguage\":\"nb-NO\",\"@id\":\"https:\/\/www.jernbanedirektoratet.no\/konnekt\/kurs-i-sinalregulering\/#primaryimage\",\"url\":\"https:\/\/www.jernbanedirektoratet.no\/content\/uploads\/sites\/3\/2026\/03\/Skjermbilde_23-3-2026_121332_svvekstern.imageshop.no_.jpeg\",\"contentUrl\":\"https:\/\/www.jernbanedirektoratet.no\/content\/uploads\/sites\/3\/2026\/03\/Skjermbilde_23-3-2026_121332_svvekstern.imageshop.no_.jpeg\",\"width\":877,\"height\":465},{\"@type\":\"BreadcrumbList\",\"@id\":\"https:\/\/www.jernbanedirektoratet.no\/konnekt\/kurs-i-sinalregulering\/#breadcrumb\",\"itemListElement\":[{\"@type\":\"ListItem\",\"position\":1,\"name\":\"Hjem\",\"item\":\"https:\/\/www.jernbanedirektoratet.no\/konnekt\/\"},{\"@type\":\"ListItem\",\"position\":2,\"name\":\"Kurs i sinalregulering\"}]},{\"@type\":\"WebSite\",\"@id\":\"https:\/\/www.jernbanedirektoratet.no\/konnekt\/#website\",\"url\":\"https:\/\/www.jernbanedirektoratet.no\/konnekt\/\",\"name\":\"Konnekt\",\"description\":\"\",\"publisher\":{\"@id\":\"https:\/\/www.jernbanedirektoratet.no\/konnekt\/#organization\"},\"potentialAction\":[{\"@type\":\"SearchAction\",\"target\":{\"@type\":\"EntryPoint\",\"urlTemplate\":\"https:\/\/www.jernbanedirektoratet.no\/konnekt\/?s={search_term_string}\"},\"query-input\":{\"@type\":\"PropertyValueSpecification\",\"valueRequired\":true,\"valueName\":\"search_term_string\"}}],\"inLanguage\":\"nb-NO\"},{\"@type\":\"Organization\",\"@id\":\"https:\/\/www.jernbanedirektoratet.no\/konnekt\/#organization\",\"name\":\"Konnekt\",\"url\":\"https:\/\/www.jernbanedirektoratet.no\/konnekt\/\",\"logo\":{\"@type\":\"ImageObject\",\"inLanguage\":\"nb-NO\",\"@id\":\"https:\/\/www.jernbanedirektoratet.no\/konnekt\/#\/schema\/logo\/image\/\",\"url\":\"https:\/\/www.jernbanedirektoratet.no\/content\/uploads\/sites\/3\/2024\/01\/logo-konnekt.svg\",\"contentUrl\":\"https:\/\/www.jernbanedirektoratet.no\/content\/uploads\/sites\/3\/2024\/01\/logo-konnekt.svg\",\"caption\":\"Konnekt\"},\"image\":{\"@id\":\"https:\/\/www.jernbanedirektoratet.no\/konnekt\/#\/schema\/logo\/image\/\"}}]}<\/script>\n<!-- \/ Yoast SEO Premium plugin. -->","yoast_head_json":{"title":"Kurs i sinalregulering - Konnekt","robots":{"index":"index","follow":"follow","max-snippet":"max-snippet:-1","max-image-preview":"max-image-preview:large","max-video-preview":"max-video-preview:-1"},"canonical":"https:\/\/www.jernbanedirektoratet.no\/konnekt\/kurs-i-sinalregulering\/","og_locale":"nb_NO","og_type":"article","og_title":"Kurs i sinalregulering","og_url":"https:\/\/www.jernbanedirektoratet.no\/konnekt\/kurs-i-sinalregulering\/","og_site_name":"Konnekt","article_modified_time":"2026-03-26T13:22:08+00:00","og_image":[{"width":877,"height":465,"url":"https:\/\/www.jernbanedirektoratet.no\/content\/uploads\/sites\/3\/2026\/03\/Skjermbilde_23-3-2026_121332_svvekstern.imageshop.no_.jpeg","type":"image\/jpeg"}],"twitter_card":"summary_large_image","twitter_misc":{"Ansl. lesetid":"2 minutter"},"schema":{"@context":"https:\/\/schema.org","@graph":[{"@type":"WebPage","@id":"https:\/\/www.jernbanedirektoratet.no\/konnekt\/kurs-i-sinalregulering\/","url":"https:\/\/www.jernbanedirektoratet.no\/konnekt\/kurs-i-sinalregulering\/","name":"Kurs i sinalregulering - Konnekt","isPartOf":{"@id":"https:\/\/www.jernbanedirektoratet.no\/konnekt\/#website"},"primaryImageOfPage":{"@id":"https:\/\/www.jernbanedirektoratet.no\/konnekt\/kurs-i-sinalregulering\/#primaryimage"},"image":{"@id":"https:\/\/www.jernbanedirektoratet.no\/konnekt\/kurs-i-sinalregulering\/#primaryimage"},"thumbnailUrl":"https:\/\/www.jernbanedirektoratet.no\/content\/uploads\/sites\/3\/2026\/03\/Skjermbilde_23-3-2026_121332_svvekstern.imageshop.no_.jpeg","datePublished":"2026-03-23T11:15:05+00:00","dateModified":"2026-03-26T13:22:08+00:00","breadcrumb":{"@id":"https:\/\/www.jernbanedirektoratet.no\/konnekt\/kurs-i-sinalregulering\/#breadcrumb"},"inLanguage":"nb-NO","potentialAction":[{"@type":"ReadAction","target":["https:\/\/www.jernbanedirektoratet.no\/konnekt\/kurs-i-sinalregulering\/"]}]},{"@type":"ImageObject","inLanguage":"nb-NO","@id":"https:\/\/www.jernbanedirektoratet.no\/konnekt\/kurs-i-sinalregulering\/#primaryimage","url":"https:\/\/www.jernbanedirektoratet.no\/content\/uploads\/sites\/3\/2026\/03\/Skjermbilde_23-3-2026_121332_svvekstern.imageshop.no_.jpeg","contentUrl":"https:\/\/www.jernbanedirektoratet.no\/content\/uploads\/sites\/3\/2026\/03\/Skjermbilde_23-3-2026_121332_svvekstern.imageshop.no_.jpeg","width":877,"height":465},{"@type":"BreadcrumbList","@id":"https:\/\/www.jernbanedirektoratet.no\/konnekt\/kurs-i-sinalregulering\/#breadcrumb","itemListElement":[{"@type":"ListItem","position":1,"name":"Hjem","item":"https:\/\/www.jernbanedirektoratet.no\/konnekt\/"},{"@type":"ListItem","position":2,"name":"Kurs i sinalregulering"}]},{"@type":"WebSite","@id":"https:\/\/www.jernbanedirektoratet.no\/konnekt\/#website","url":"https:\/\/www.jernbanedirektoratet.no\/konnekt\/","name":"Konnekt","description":"","publisher":{"@id":"https:\/\/www.jernbanedirektoratet.no\/konnekt\/#organization"},"potentialAction":[{"@type":"SearchAction","target":{"@type":"EntryPoint","urlTemplate":"https:\/\/www.jernbanedirektoratet.no\/konnekt\/?s={search_term_string}"},"query-input":{"@type":"PropertyValueSpecification","valueRequired":true,"valueName":"search_term_string"}}],"inLanguage":"nb-NO"},{"@type":"Organization","@id":"https:\/\/www.jernbanedirektoratet.no\/konnekt\/#organization","name":"Konnekt","url":"https:\/\/www.jernbanedirektoratet.no\/konnekt\/","logo":{"@type":"ImageObject","inLanguage":"nb-NO","@id":"https:\/\/www.jernbanedirektoratet.no\/konnekt\/#\/schema\/logo\/image\/","url":"https:\/\/www.jernbanedirektoratet.no\/content\/uploads\/sites\/3\/2024\/01\/logo-konnekt.svg","contentUrl":"https:\/\/www.jernbanedirektoratet.no\/content\/uploads\/sites\/3\/2024\/01\/logo-konnekt.svg","caption":"Konnekt"},"image":{"@id":"https:\/\/www.jernbanedirektoratet.no\/konnekt\/#\/schema\/logo\/image\/"}}]}},"_links":{"self":[{"href":"https:\/\/www.jernbanedirektoratet.no\/konnekt\/wp-json\/wp\/v2\/pages\/3293","targetHints":{"allow":["GET"]}}],"collection":[{"href":"https:\/\/www.jernbanedirektoratet.no\/konnekt\/wp-json\/wp\/v2\/pages"}],"about":[{"href":"https:\/\/www.jernbanedirektoratet.no\/konnekt\/wp-json\/wp\/v2\/types\/page"}],"author":[{"embeddable":true,"href":"https:\/\/www.jernbanedirektoratet.no\/konnekt\/wp-json\/wp\/v2\/users\/14"}],"replies":[{"embeddable":true,"href":"https:\/\/www.jernbanedirektoratet.no\/konnekt\/wp-json\/wp\/v2\/comments?post=3293"}],"version-history":[{"count":3,"href":"https:\/\/www.jernbanedirektoratet.no\/konnekt\/wp-json\/wp\/v2\/pages\/3293\/revisions"}],"predecessor-version":[{"id":3300,"href":"https:\/\/www.jernbanedirektoratet.no\/konnekt\/wp-json\/wp\/v2\/pages\/3293\/revisions\/3300"}],"wp:featuredmedia":[{"embeddable":true,"href":"https:\/\/www.jernbanedirektoratet.no\/konnekt\/wp-json\/wp\/v2\/media\/3294"}],"wp:attachment":[{"href":"https:\/\/www.jernbanedirektoratet.no\/konnekt\/wp-json\/wp\/v2\/media?parent=3293"}],"curies":[{"name":"wp","href":"https:\/\/api.w.org\/{rel}","templated":true}]}}