{"id":1300,"date":"2023-12-06T09:14:52","date_gmt":"2023-12-06T08:14:52","guid":{"rendered":"https:\/\/ntpmetode.no\/?page_id=1300"},"modified":"2024-02-06T10:45:05","modified_gmt":"2024-02-06T09:45:05","slug":"fagseminar-om-nasjonale-reisevaneundersokelser","status":"publish","type":"page","link":"https:\/\/www.jernbanedirektoratet.no\/ntpmetode\/fagseminar-om-nasjonale-reisevaneundersokelser\/","title":{"rendered":"Fagseminar om nasjonale reisevaneunders\u00f8kelser"},"content":{"rendered":"<h1 class=\"wp-block-post-title\">Fagseminar om nasjonale reisevaneunders\u00f8kelser<\/h1>\n\n\n<p>Seminaret er todelt:<\/p>\n\n\n\n<ul class=\"wp-block-list\">\n<li>Del 1: fagseminar om RVU\n<ul class=\"wp-block-list\">\n<li>Brukerperspektiv<\/li>\n\n\n\n<li>Planlegging av nasjonale reisevaneunders\u00f8kelser<\/li>\n\n\n\n<li>Datainnsamlingsverkt\u00f8y i nasjonale reisevaneunders\u00f8kelser<\/li>\n<\/ul>\n<\/li>\n\n\n\n<li>Del 2: Informasjon til markedet ang\u00e5ende kommende anskaffelser knyttet til RVU<\/li>\n<\/ul>\n\n\n\n<div class=\"wp-block-buttons is-layout-flex wp-block-buttons-is-layout-flex\">\n<div class=\"wp-block-button is-style-ntpmetode-long\"><a class=\"wp-block-button__link wp-element-button\" href=\"https:\/\/ntpmetode.no\/content\/2023\/12\/20231205_program-fagseminar-Nasjonal-reisevaneundersokelse.pdf\">Les hele programmet her<svg xmlns=\"http:\/\/www.w3.org\/2000\/svg\" viewBox=\"0 0 24 24\" height=\"24\" width=\"24\" class=\"t2-icon t2-icon-arrowforward\" aria-hidden=\"true\" focusable=\"false\"><path d=\"M 20.78 12.531 L 14.03 19.281 C 13.89 19.421 13.699 19.5 13.5 19.5 C 13.301 19.5 13.11 19.421 12.969 19.281 C 12.828 19.14 12.749 18.949 12.749 18.75 C 12.749 18.551 12.828 18.36 12.969 18.219 L 18.439 12.75 L 3.75 12.75 C 3.551 12.75 3.36 12.671 3.219 12.53 C 3.079 12.39 3 12.199 3 12 C 3 11.801 3.079 11.61 3.219 11.47 C 3.36 11.329 3.551 11.25 3.75 11.25 L 18.439 11.25 L 12.969 5.781 C 12.828 5.64 12.749 5.449 12.749 5.25 C 12.749 5.051 12.828 4.86 12.969 4.719 C 13.11 4.579 13.301 4.5 13.5 4.5 C 13.699 4.5 13.89 4.579 14.03 4.719 L 20.78 11.469 C 20.85 11.539 20.905 11.622 20.943 11.713 C 20.981 11.804 21 11.901 21 12 C 21 12.099 20.981 12.196 20.943 12.287 C 20.905 12.378 20.85 12.461 20.78 12.531 Z\" fill=\"currentColor\" \/><\/svg><\/a><\/div>\n<\/div>\n\n\n\n<p>Det vil v\u00e6re mulig \u00e5 f\u00f8lge innleggene digitalt, men ikke stille sp\u00f8rsm\u00e5l eller delta i debatten:<\/p>\n\n\n\n<div class=\"wp-block-buttons is-layout-flex wp-block-buttons-is-layout-flex\">\n<div class=\"wp-block-button is-style-ntpmetode-long\"><a class=\"wp-block-button__link wp-element-button\" href=\"https:\/\/teams.microsoft.com\/dl\/launcher\/launcher.html?url=%2F_%23%2Fl%2Fmeetup-join%2F19%3Ameeting_Y2ZiZDUzZmItNzhmMy00ZjBmLTg0M2UtMDBiNTFkNjhlNDBj%40thread.v2%2F0%3Fcontext%3D%257b%2522Tid%2522%253a%2522e1f00f39-6041-45b0-b309-e0210d8b32af%2522%252c%2522Oid%2522%253a%25220948e27c-621c-4ee9-86c8-72fa21c36185%2522%257d%26anon%3Dtrue&amp;type=meetup-join&amp;deeplinkId=a2696e91-2eac-4711-b143-1abf562dfc6a&amp;directDl=true&amp;msLaunch=true&amp;enableMobilePage=true&amp;suppressPrompt=true\">Teamslenke<svg xmlns=\"http:\/\/www.w3.org\/2000\/svg\" viewBox=\"0 0 24 24\" height=\"24\" width=\"24\" class=\"t2-icon t2-icon-arrowforward\" aria-hidden=\"true\" focusable=\"false\"><path d=\"M 20.78 12.531 L 14.03 19.281 C 13.89 19.421 13.699 19.5 13.5 19.5 C 13.301 19.5 13.11 19.421 12.969 19.281 C 12.828 19.14 12.749 18.949 12.749 18.75 C 12.749 18.551 12.828 18.36 12.969 18.219 L 18.439 12.75 L 3.75 12.75 C 3.551 12.75 3.36 12.671 3.219 12.53 C 3.079 12.39 3 12.199 3 12 C 3 11.801 3.079 11.61 3.219 11.47 C 3.36 11.329 3.551 11.25 3.75 11.25 L 18.439 11.25 L 12.969 5.781 C 12.828 5.64 12.749 5.449 12.749 5.25 C 12.749 5.051 12.828 4.86 12.969 4.719 C 13.11 4.579 13.301 4.5 13.5 4.5 C 13.699 4.5 13.89 4.579 14.03 4.719 L 20.78 11.469 C 20.85 11.539 20.905 11.622 20.943 11.713 C 20.981 11.804 21 11.901 21 12 C 21 12.099 20.981 12.196 20.943 12.287 C 20.905 12.378 20.85 12.461 20.78 12.531 Z\" fill=\"currentColor\" \/><\/svg><\/a><\/div>\n<\/div>\n","protected":false},"excerpt":{"rendered":"","protected":false},"author":15,"featured_media":0,"parent":0,"menu_order":0,"comment_status":"closed","ping_status":"closed","template":"","meta":{"post_sublanguage":"","footnotes":""},"class_list":["post-1300","page","type-page","status-publish","hentry"],"yoast_head":"<!-- This site is optimized with the Yoast SEO Premium plugin v25.3 (Yoast SEO v25.3) - https:\/\/yoast.com\/wordpress\/plugins\/seo\/ -->\n<title>Fagseminar om nasjonale reisevaneunders\u00f8kelser - ntpmetode<\/title>\n<meta name=\"robots\" content=\"index, follow, max-snippet:-1, max-image-preview:large, max-video-preview:-1\" \/>\n<link rel=\"canonical\" href=\"https:\/\/www.jernbanedirektoratet.no\/ntpmetode\/fagseminar-om-nasjonale-reisevaneundersokelser\/\" \/>\n<meta property=\"og:locale\" content=\"nb_NO\" \/>\n<meta property=\"og:type\" content=\"article\" \/>\n<meta property=\"og:title\" content=\"Fagseminar om nasjonale reisevaneunders\u00f8kelser\" \/>\n<meta property=\"og:url\" content=\"https:\/\/www.jernbanedirektoratet.no\/ntpmetode\/fagseminar-om-nasjonale-reisevaneundersokelser\/\" \/>\n<meta property=\"og:site_name\" content=\"ntpmetode\" \/>\n<meta property=\"article:modified_time\" content=\"2024-02-06T09:45:05+00:00\" \/>\n<meta name=\"twitter:card\" content=\"summary_large_image\" \/>\n<meta name=\"twitter:label1\" content=\"Ansl. lesetid\" \/>\n\t<meta name=\"twitter:data1\" content=\"1 minutt\" \/>\n<script type=\"application\/ld+json\" class=\"yoast-schema-graph\">{\"@context\":\"https:\/\/schema.org\",\"@graph\":[{\"@type\":\"WebPage\",\"@id\":\"https:\/\/www.jernbanedirektoratet.no\/ntpmetode\/fagseminar-om-nasjonale-reisevaneundersokelser\/\",\"url\":\"https:\/\/www.jernbanedirektoratet.no\/ntpmetode\/fagseminar-om-nasjonale-reisevaneundersokelser\/\",\"name\":\"Fagseminar om nasjonale reisevaneunders\u00f8kelser - ntpmetode\",\"isPartOf\":{\"@id\":\"https:\/\/www.jernbanedirektoratet.no\/ntpmetode\/#website\"},\"datePublished\":\"2023-12-06T08:14:52+00:00\",\"dateModified\":\"2024-02-06T09:45:05+00:00\",\"breadcrumb\":{\"@id\":\"https:\/\/www.jernbanedirektoratet.no\/ntpmetode\/fagseminar-om-nasjonale-reisevaneundersokelser\/#breadcrumb\"},\"inLanguage\":\"nb-NO\",\"potentialAction\":[{\"@type\":\"ReadAction\",\"target\":[\"https:\/\/www.jernbanedirektoratet.no\/ntpmetode\/fagseminar-om-nasjonale-reisevaneundersokelser\/\"]}]},{\"@type\":\"BreadcrumbList\",\"@id\":\"https:\/\/www.jernbanedirektoratet.no\/ntpmetode\/fagseminar-om-nasjonale-reisevaneundersokelser\/#breadcrumb\",\"itemListElement\":[{\"@type\":\"ListItem\",\"position\":1,\"name\":\"Hjem\",\"item\":\"https:\/\/www.jernbanedirektoratet.no\/ntpmetode\/\"},{\"@type\":\"ListItem\",\"position\":2,\"name\":\"Fagseminar om nasjonale reisevaneunders\u00f8kelser\"}]},{\"@type\":\"WebSite\",\"@id\":\"https:\/\/www.jernbanedirektoratet.no\/ntpmetode\/#website\",\"url\":\"https:\/\/www.jernbanedirektoratet.no\/ntpmetode\/\",\"name\":\"ntpmetode\",\"description\":\"\",\"publisher\":{\"@id\":\"https:\/\/www.jernbanedirektoratet.no\/ntpmetode\/#organization\"},\"potentialAction\":[{\"@type\":\"SearchAction\",\"target\":{\"@type\":\"EntryPoint\",\"urlTemplate\":\"https:\/\/www.jernbanedirektoratet.no\/ntpmetode\/?s={search_term_string}\"},\"query-input\":{\"@type\":\"PropertyValueSpecification\",\"valueRequired\":true,\"valueName\":\"search_term_string\"}}],\"inLanguage\":\"nb-NO\"},{\"@type\":\"Organization\",\"@id\":\"https:\/\/www.jernbanedirektoratet.no\/ntpmetode\/#organization\",\"name\":\"ntpmetode\",\"url\":\"https:\/\/www.jernbanedirektoratet.no\/ntpmetode\/\",\"logo\":{\"@type\":\"ImageObject\",\"inLanguage\":\"nb-NO\",\"@id\":\"https:\/\/www.jernbanedirektoratet.no\/ntpmetode\/#\/schema\/logo\/image\/\",\"url\":\"https:\/\/www.jernbanedirektoratet.no\/content\/uploads\/sites\/4\/2023\/12\/logo-ntpmetode.svg\",\"contentUrl\":\"https:\/\/www.jernbanedirektoratet.no\/content\/uploads\/sites\/4\/2023\/12\/logo-ntpmetode.svg\",\"caption\":\"ntpmetode\"},\"image\":{\"@id\":\"https:\/\/www.jernbanedirektoratet.no\/ntpmetode\/#\/schema\/logo\/image\/\"}}]}<\/script>\n<!-- \/ Yoast SEO Premium plugin. -->","yoast_head_json":{"title":"Fagseminar om nasjonale reisevaneunders\u00f8kelser - ntpmetode","robots":{"index":"index","follow":"follow","max-snippet":"max-snippet:-1","max-image-preview":"max-image-preview:large","max-video-preview":"max-video-preview:-1"},"canonical":"https:\/\/www.jernbanedirektoratet.no\/ntpmetode\/fagseminar-om-nasjonale-reisevaneundersokelser\/","og_locale":"nb_NO","og_type":"article","og_title":"Fagseminar om nasjonale reisevaneunders\u00f8kelser","og_url":"https:\/\/www.jernbanedirektoratet.no\/ntpmetode\/fagseminar-om-nasjonale-reisevaneundersokelser\/","og_site_name":"ntpmetode","article_modified_time":"2024-02-06T09:45:05+00:00","twitter_card":"summary_large_image","twitter_misc":{"Ansl. lesetid":"1 minutt"},"schema":{"@context":"https:\/\/schema.org","@graph":[{"@type":"WebPage","@id":"https:\/\/www.jernbanedirektoratet.no\/ntpmetode\/fagseminar-om-nasjonale-reisevaneundersokelser\/","url":"https:\/\/www.jernbanedirektoratet.no\/ntpmetode\/fagseminar-om-nasjonale-reisevaneundersokelser\/","name":"Fagseminar om nasjonale reisevaneunders\u00f8kelser - ntpmetode","isPartOf":{"@id":"https:\/\/www.jernbanedirektoratet.no\/ntpmetode\/#website"},"datePublished":"2023-12-06T08:14:52+00:00","dateModified":"2024-02-06T09:45:05+00:00","breadcrumb":{"@id":"https:\/\/www.jernbanedirektoratet.no\/ntpmetode\/fagseminar-om-nasjonale-reisevaneundersokelser\/#breadcrumb"},"inLanguage":"nb-NO","potentialAction":[{"@type":"ReadAction","target":["https:\/\/www.jernbanedirektoratet.no\/ntpmetode\/fagseminar-om-nasjonale-reisevaneundersokelser\/"]}]},{"@type":"BreadcrumbList","@id":"https:\/\/www.jernbanedirektoratet.no\/ntpmetode\/fagseminar-om-nasjonale-reisevaneundersokelser\/#breadcrumb","itemListElement":[{"@type":"ListItem","position":1,"name":"Hjem","item":"https:\/\/www.jernbanedirektoratet.no\/ntpmetode\/"},{"@type":"ListItem","position":2,"name":"Fagseminar om nasjonale reisevaneunders\u00f8kelser"}]},{"@type":"WebSite","@id":"https:\/\/www.jernbanedirektoratet.no\/ntpmetode\/#website","url":"https:\/\/www.jernbanedirektoratet.no\/ntpmetode\/","name":"ntpmetode","description":"","publisher":{"@id":"https:\/\/www.jernbanedirektoratet.no\/ntpmetode\/#organization"},"potentialAction":[{"@type":"SearchAction","target":{"@type":"EntryPoint","urlTemplate":"https:\/\/www.jernbanedirektoratet.no\/ntpmetode\/?s={search_term_string}"},"query-input":{"@type":"PropertyValueSpecification","valueRequired":true,"valueName":"search_term_string"}}],"inLanguage":"nb-NO"},{"@type":"Organization","@id":"https:\/\/www.jernbanedirektoratet.no\/ntpmetode\/#organization","name":"ntpmetode","url":"https:\/\/www.jernbanedirektoratet.no\/ntpmetode\/","logo":{"@type":"ImageObject","inLanguage":"nb-NO","@id":"https:\/\/www.jernbanedirektoratet.no\/ntpmetode\/#\/schema\/logo\/image\/","url":"https:\/\/www.jernbanedirektoratet.no\/content\/uploads\/sites\/4\/2023\/12\/logo-ntpmetode.svg","contentUrl":"https:\/\/www.jernbanedirektoratet.no\/content\/uploads\/sites\/4\/2023\/12\/logo-ntpmetode.svg","caption":"ntpmetode"},"image":{"@id":"https:\/\/www.jernbanedirektoratet.no\/ntpmetode\/#\/schema\/logo\/image\/"}}]}},"_links":{"self":[{"href":"https:\/\/www.jernbanedirektoratet.no\/ntpmetode\/wp-json\/wp\/v2\/pages\/1300","targetHints":{"allow":["GET"]}}],"collection":[{"href":"https:\/\/www.jernbanedirektoratet.no\/ntpmetode\/wp-json\/wp\/v2\/pages"}],"about":[{"href":"https:\/\/www.jernbanedirektoratet.no\/ntpmetode\/wp-json\/wp\/v2\/types\/page"}],"author":[{"embeddable":true,"href":"https:\/\/www.jernbanedirektoratet.no\/ntpmetode\/wp-json\/wp\/v2\/users\/15"}],"replies":[{"embeddable":true,"href":"https:\/\/www.jernbanedirektoratet.no\/ntpmetode\/wp-json\/wp\/v2\/comments?post=1300"}],"version-history":[{"count":1,"href":"https:\/\/www.jernbanedirektoratet.no\/ntpmetode\/wp-json\/wp\/v2\/pages\/1300\/revisions"}],"predecessor-version":[{"id":1416,"href":"https:\/\/www.jernbanedirektoratet.no\/ntpmetode\/wp-json\/wp\/v2\/pages\/1300\/revisions\/1416"}],"wp:attachment":[{"href":"https:\/\/www.jernbanedirektoratet.no\/ntpmetode\/wp-json\/wp\/v2\/media?parent=1300"}],"curies":[{"name":"wp","href":"https:\/\/api.w.org\/{rel}","templated":true}]}}